v + 17 = -4*w + 5*w, -4*w - 2*v = 2. Let y(a) = 2*a - 1. Give y(w).
3
Let i(t) = 16*t**3 - 6*t**2 - 5*t - 17. Suppose 29*u - 141 - 33 = 0. Let s(k) = -19*k**3 + 7*k**2 + 6*k + 18. Let g(d) = u*i(d) + 5*s(d). Give g(0).
-12
Let a(t) = -t**2 - 6*t - 14. Let x = 213 - 217. Let c be a(x). Let d(h) = h**2 + 6*h + 4. Calculate d(c).
4
Suppose 5*k - 16 = -s, 2*k - 3 = -s + 1. Let y(g) be the second derivative of -g**5/20 - g**4/3 + g**3/6 - 2*g**2 + 2500*g. Determine y(s).
-8
Let q(t) = 40*t + 363. Let y = 8479 + -8488. What is q(y)?
3
Let a(t) = 4*t**3 + 10*t**2 + 4*t + 34. Let i(h) = -1248 + 1225 - 3*h + h**3 - 4*h**3 - 7*h**2. Let d(g) = -5*a(g) - 7*i(g). Determine d(0).
-9
Let f(s) = s**2 - 7*s + 12. Suppose 6*o - 2*o + 3*v - 21 = 0, -2*o = -5*v + 9. Let j be -12 - -9 - (-24)/o. Determine f(j).
2
Suppose -c + 4 = -4*g + 20, 5*g - 20 = c. Suppose -5*f - 97 = -g*m + m, 4*f + 78 = 2*m. Let r be 14/8 + -3 + (-5)/f. Let o(z) = 2*z**3 + 2*z + 1. Give o(r).
-3
Suppose -5*q = -2*s - 715, q = 2*s + 117 + 34. Suppose 45*a + 84 = -q. Let u(w) = w**2 + 5*w - 4. What is u(a)?
-4
Suppose 4*m - 3*x + 72 = 0, 0*m = -m + 3*x - 18. Let v be (20 + m)*(-1 - (-50)/(-4)). Let t be 13/4 + v/12 + 3. Let p(d) = d**3 - 5*d**2 + 5*d - 5. Give p(t).
-1
Let k(s) = s**2 + 12*s + 36. Let f = 2028 - 2033. Determine k(f).
1
Let t(s) = s + 14. Let f be t(-9). Suppose -6*a - 8 = -2*q - 5*a, 0 = -3*q - f*a - 1. Let i(n) = -1 + 1 - 3*n - 3. Give i(q).
-12
Suppose 611*m + 4*a = 615*m - 20, -m + 9 = -5*a. Let t(o) be the second derivative of 0 - 1/20*o**5 - 10*o + 2/3*o**3 - 1/2*o**2 - 1/12*o**m. Calculate t(-3).
5
Let f(s) = s - 1. Let o = -27332 - -27334. Give f(o).
1
Let v(f) = -f**2 - 25*f + 449. Let b(t) = -17*t**2 + 1189*t + 82. Let l be b(70). What is v(l)?
5
Suppose 0 = n + 5*q - 1, -103*n + 101*n + 2*q = 22. Let u(l) = 12*l + 100. Calculate u(n).
-8
Let a(q) = 9*q + 20. Let u = -8 + 6. Determine a(u).
2
Let g be (-23 - -46) + -10 + -9. Let m(l) = -3*l**2 + 5*l + 25. Give m(g).
-3
Let t(i) = i**2 - 4*i + 2. Suppose 12*l + 41 = 8*l - s, 35 = -5*l + 2*s. Let u be l/((-95)/(-57)*9/(-10)). Determine t(u).
14
Let h(z) be the first derivative of 0*z + 1/60*z**5 - 1/4*z**4 - 35 - 15/2*z**2 + 1/6*z**3. Let w(d) be the second derivative of h(d). Calculate w(5).
-4
Let x be 10 - (11 - 752)/(-13). Let t(p) = p**3 + 48*p**2 + 52*p + 230. What is t(x)?
-5
Let r be 18/(-45) + 354/10. Let n = r + -5. Suppose -29*c + 34*c = n. Let o(q) = q + 7. Determine o(c).
13
Let o = -69 - -94. Suppose 0 = 136*i - 141*i - o. Let m(t) = -t**2 - 4*t + 11. Determine m(i).
6
Let h(t) = 22*t**3 - 11*t**2 - 13*t - 16. Let d(o) = 19*o**3 - 10*o**2 - 11*o - 16. Let u(z) = 7*d(z) - 6*h(z). Give u(5).
14
Let g be (-2)/24 + (-119)/12 + 9. Let n(a) = -a - 4. Determine n(g).
-3
Let m = 28874 - 28861. Let p(i) = -2*i + 27. Determine p(m).
1
Let k(n) be the second derivative of n**4/12 + 3*n**3/2 + 13*n**2/2 - 1046*n. Determine k(-3).
-5
Let t(a) = -11*a**3 - 97*a**2 + 86*a - 127. Let w(d) = 3*d**3 + 25*d**2 - 22*d + 32. Let i(c) = -4*t(c) - 15*w(c). Give i(12).
4
Let h(m) = 9*m - 3*m**2 - 31*m - 2 + 45*m - 28*m. Give h(3).
-44
Let t(x) = 3*x - 2. Let s = -43 + 44. Determine t(s).
1
Let u(z) = z**2 - z - 7. Suppose 8*j - 15 = 3*j. Suppose -2*f + j*f = 0. Let k be (f - 1)*0/1. Calculate u(k).
-7
Let v(j) = -107499*j + 1 + 53749*j - 5 + 53749*j + 1. Suppose -4*a - 5 = -3*a. What is v(a)?
2
Let y(f) be the third derivative of -f**4/12 + 13*f**3/6 - 17*f**2 - 52*f. Let d be (2/(-5))/((-1)/25). Determine y(d).
-7
Let y(v) = 64 + 3*v + 58 + 6*v**2 - 124. Let a be (45/(-5) + 8)*-2. Determine y(a).
28
Let f be (7 - 14)/(10*(-3)/12 - -2). Let o(u) = -2*u + 61. Calculate o(f).
33
Let n be (-6)/(-29 - 7)*(-7)/((-28)/72). Let u(j) = 52*j - 141. Calculate u(n).
15
Let m(t) = -t**2 + 6. Let r(l) = 14*l - 91. Let n be r(6). Let a = n + 4. Determine m(a).
-3
Suppose 0*w + 2*q = -w + 12, -4*w + 4*q + 48 = 0. Let x(d) = 7*d - w + 20 - 9 + d**2. Determine x(-8).
7
Let d(a) be the first derivative of a**3/3 - a**2 + 8*a + 1337. Give d(6).
32
Let t(j) = 62*j - 1 + 94*j - 129*j. Let z(m) = -3*m. Let f(a) = t(a) + 6*z(a). Determine f(4).
35
Let y(w) = -3*w**2 + 23*w**3 - 24*w**3 - 8 + 14*w**2 - 9*w. Let h be ((-5)/2)/((-10)/40). Give y(h).
2
Let c(y) = 112*y + 1. Let d(r) = -339*r + 39. Let a(l) = -3*c(l) - d(l). What is a(0)?
-42
Let k(j) = -j**2 + 7*j + 30. Let z = -4650 - -4645. Determine k(z).
-30
Let f(k) be the third derivative of k**6/120 + 3*k**5/20 + 3*k**4/4 - k**3/3 + 209*k**2 + 2. Calculate f(-3).
-2
Suppose -48*r = 83*r + 47 + 608. Let q(i) = -3 + i - 4*i + 4*i. What is q(r)?
-8
Suppose -w - 8 = -6*c, 14 = 45*c - 40*c + w. Let h(j) be the first derivative of 4*j - 26 - 2/3*j**3 - 5/2*j**c. Calculate h(-5).
-21
Let c(z) be the first derivative of z**2 + 29. Let x(u) = -387*u + 394. Let p be x(1). Calculate c(p).
14
Let c(s) = 14*s - 110. Let b be c(8). Let q(h) = -9*h - b + 0 + 8*h + 7*h. What is q(2)?
10
Let v = -3 + 6. Let g(f) be the third derivative of -f**4/24 - f**3/6 - 577*f**2. Calculate g(v).
-4
Suppose -4*p = 5*x - 35, -p + 10*p - x - 42 = 0. Let o(y) = -y**3 + 4*y**2 + 5*y - 4. Determine o(p).
-4
Let b(v) be the first derivative of v**3/3 - 9*v**2/2 + 3*v - 9. Let m(z) = -z**3 + 24*z**2 + 20*z + 133. Let p be m(25). Determine b(p).
-5
Let a(l) = l**2 - 22. Suppose 4*m + 10 - 66 = 3*u, -5*m + 70 = 2*u. Let b = 124 + -128. Let w be (-6)/21 - b/m. Give a(w).
-22
Suppose -30*c + 890 + 102 = 94*c. Let v(r) = 10*r + 19. What is v(c)?
99
Suppose 0 = -2*l + 2*s, -6*s + 20 = -s. Suppose -12 = -l*h, w + 4*h - 18 = -2*w. Let r(a) = -7*a**w - 2*a**3 + a**3 + 0*a + 6*a + 5 + 2*a**3. What is r(6)?
5
Let p(r) = r - 1. Let m(n) = -n**2 - 2. Suppose -9 + 1 = -4*o. Suppose 0 = g + 3 - o. Let v(d) = g*m(d) - 6*p(d). Calculate v(6).
8
Let o = 175 - -626. Let u(x) = 0 + 800*x - o*x - 3 + 2. Calculate u(-5).
4
Let z(u) be the third derivative of -4*u**5/15 - u**4/12 + 1376*u**2. Determine z(2).
-68
Let l(g) = 3*g + 3 + g - g. Suppose -3*c + 3 = -3*w, -3*w - 2*w = 5*c + 5. Let z be c - (((-1)/(-1) - -5) + -3). Calculate l(z).
-6
Let j(o) = -3*o - 6. Let g(q) = 9*q + 20. Let u(f) = -4*g(f) - 13*j(f). Let l(y) = 3*y. Let b(p) = -3*l(p) + 2*u(p). What is b(6)?
-22
Let z(w) = -w**3. Let x(v) = 3*v - 16. Let s be x(6). Let l be 9*4/24*s. Suppose -o + 17 = -3*o - l*q, 5*q + 25 = 0. Determine z(o).
1
Let z(m) = m**2 - 6*m + 8. Suppose -9*v + 54 = -3*v. Let c be (3 - -3)*12/v. Give z(c).
24
Let p(z) = -4*z - 127. Let m be (-4)/(-22) - (248352/572)/12. Give p(m).
17
Let i(m) = -4*m**2 - 21*m - 4. Let u be ((-16)/12)/(6 - 260/45). Determine i(u).
-22
Suppose 5*x + 4*o = 43, 3*x = 7*x + 4*o - 32. Let l(r) = 3*r**3 + 10*r - r**2 + x*r - 2*r**3 + 1 - 22*r. Calculate l(0).
1
Let c(h) = -2*h**3 + 77*h + h**3 - 7 - 19*h**2 - 96*h + 0*h**3 + 17. Determine c(-18).
28
Let v(t) = -4*t + 4. Let c(b) = b**3 + 36*b**2 + 71*b + 105. Let x be c(-34). Give v(x).
-8
Let s(x) = -3*x - 6. Let r(i) = -2*i**2 + 6*i + 4. Let p(w) = -3*w**2 + 7*w + 4. Let m(u) = 4*p(u) - 5*r(u). Let f be m(0). Determine s(f).
6
Let x(j) = -j**2 + 3*j - 2. Let t = -50 - -51. Suppose -3*c + 4 + 17 = 0. Let s be c/((-21)/(-18)) - t. Determine x(s).
-12
Suppose 2*d = -s, 0*s - 3 = -4*s - 5*d. Let f(i) = -10*i**2 + 1 - 9*i + 11*i**s - 4. Let y(k) = -87*k + 97. Let r be y(1). Give f(r).
7
Let r(w) be the first derivative of 1/4*w**4 - 2*w - 177 - 2*w**2 - 1/3*w**3. Determine r(-3).
-26
Suppose -17*y + 684 = 72. Suppose y*d - 38*d = -40. Let g(i) = -i + 19. Determine g(d).
-1
Let r be (-3)/(-6) - 0 - 1141/(-14). Let k(s) = -2*s + r + 4*s + 83 - 162. Give k(-2).
-1
Let b(k) = 28*k + 68 - 24 - 26 - 6. Give b(1).
40
Suppose -8*m = -4*m + c - 1, 4*c - 4 = 4*m. Let v(g) = -g**2 + 3 - 5*g - 1 + 1 + m*g. Let n(x) = x**2 - 40*x - 182. Let p be n(44). What is v(p)?
-3
Let m(k) = k**2 + 32*k + 79. Let l(v) = -2*v**3 - 97*v**2 - 49*v - 77. Let y be l(-48). Determine m(y).
-8
Let r(i) = -i - 5. Let p be r(-7). Let z(n) be the first derivative of 2*n - 5/2*n**2 + 53. Calculate z(p).
-8
Suppose 29 = 23*b - 799. Let c(u) = b + u + 34 + 34 + 2*u**2 - u**3 - u**2 - 108. What is c(0)?
-4
Suppose -1 = 2*u + 9. Let i(k) = k**2 - 3*k - 4. Let l be i(u). Let p = -35 + l. Let y(n) = -4*n**3. Give y(p).
-4
Let y(r) b